{"id":333,"date":"2020-09-01T23:46:29","date_gmt":"2020-09-01T23:46:29","guid":{"rendered":"http:\/\/afros.ca\/?page_id=333"},"modified":"2025-01-24T04:17:10","modified_gmt":"2025-01-24T04:17:10","slug":"a-propos-2","status":"publish","type":"page","link":"https:\/\/www.afrs.ca\/index.php\/a-propos-2\/","title":{"rendered":"Notre \u00e9quipe"},"content":{"rendered":"\t\t<div data-elementor-type=\"wp-page\" data-elementor-id=\"333\" class=\"elementor elementor-333\">\n\t\t\t\t\t\t<section class=\"elementor-section elementor-top-section elementor-element elementor-element-6f51c0c8 elementor-section-boxed elementor-section-height-default elementor-section-height-default\" data-id=\"6f51c0c8\" data-element_type=\"section\">\n\t\t\t\t\t\t<div class=\"elementor-container elementor-column-gap-default\">\n\t\t\t\t\t<div class=\"elementor-column elementor-col-100 elementor-top-column elementor-element elementor-element-33f4be9a\" data-id=\"33f4be9a\" data-element_type=\"column\">\n\t\t\t<div class=\"elementor-widget-wrap elementor-element-populated\">\n\t\t\t\t\t\t<div class=\"elementor-element elementor-element-14fe968d elementor-widget elementor-widget-text-editor\" data-id=\"14fe968d\" data-element_type=\"widget\" data-widget_type=\"text-editor.default\">\n\t\t\t\t<div class=\"elementor-widget-container\">\n\t\t\t\t\t\t\t\t\t<h4 style=\"text-align: center;\"><strong>CONSEIL D &#8216;ADMINISTRATION 2023\/2024\u00a0<\/strong><\/h4><p><strong>Heather Kerr<\/strong><\/p><p><em>Pr\u00e9sidente<\/em><\/p><h4 style=\"text-align: center;\"><strong><img fetchpriority=\"high\" decoding=\"async\" class=\"alignleft\" src=\"https:\/\/www.afrs.ca\/wp-content\/uploads\/2023\/08\/HK-200x300.jpeg\" alt=\"\" width=\"200\" height=\"300\" \/><\/strong><\/h4><p>\u00a0<\/p><p>\u00a0<\/p><p>\u00a0<\/p><p>\u00a0<\/p><p>\u00a0<\/p><p>\u00a0<\/p><p style=\"margin: 0cm; font-size: 12pt; font-family: Calibri, sans-serif; color: #000000; font-weight: 400;\"><span lang=\"FR\" style=\"color: #767171;\">Heather est heureuse d&#8217;\u00eatre de retour \u00e0 la pr\u00e9sidence de l&#8217;AFRoS apr\u00e8s plusieurs ann\u00e9es pass\u00e9es \u00e0 la pr\u00e9sidence de l&#8217;Association des parents d&#8217;\u00e9l\u00e8ves de l&#8217;\u00c9cole Sophie-Morigeau de Fernie, et au Comit\u00e9 de concertation provincial de la F\u00e9d\u00e9ration des francophones de la Colombie-Britannique. Heather habite Fernie depuis 2002 et dans sa vie professionnelle est physioth\u00e9rapeute \u00e0 son propre compte. \u00c0 l&#8217;ext\u00e9rieur du travail et l&#8217;AFRoS, on peut retrouver Heather en montagne &#8211; en ski, v\u00e9lo ou \u00e0 pied.<\/span><\/p><p><strong>Anne Caroline Kroeger<\/strong><\/p><p><em>Vice-pr\u00e9sidente<\/em><\/p><p style=\"margin: 0cm; margin-bottom: .0001pt; background: white;\">Anne-Caroline Kroeger a r\u00e9cemment d\u00e9m\u00e9nag\u00e9 dans les Rocheuses depuis la vall\u00e9e du Saint-Laurent, en quittant un emploi comme infirmi\u00e8re. Elle cherche \u00e0 se faire des nouveaux amis ici. Maintenant m\u00e8re de jumelles et bien \u00e9tablie dans la communaut\u00e9 de Fernie, elle prend les devant comme Pr\u00e9sidente de l&#8217;Association en juin 2021.<\/p><p><strong>Isabel Craig<\/strong><\/p><p>Tr<em style=\"color: var( --e-global-color-text ); font-family: var( --e-global-typography-text-font-family ), Sans-serif; font-weight: var( --e-global-typography-text-font-weight );\">\u00e9sori<\/em>\u00e8<em style=\"font-family: var( --e-global-typography-text-font-family ), Sans-serif; font-weight: var( --e-global-typography-text-font-weight ); color: var( --e-global-color-text );\">re<\/em><\/p><p><strong>Damien Cludts<\/strong><\/p><p><em>Secr\u00e9taire<\/em><em>\u00a0<\/em><\/p><p><img decoding=\"async\" src=\"https:\/\/www.afrs.ca\/wp-content\/uploads\/2023\/08\/20232141_10156678596983438_8701945624844522755_o-300x300.jpg\" alt=\"\" width=\"300\" height=\"300\" \/><\/p><p>Damien a d<span style=\"font-family: var( --e-global-typography-text-font-family ), Sans-serif; font-weight: var( --e-global-typography-text-font-weight );\">\u00e9m<\/span><span style=\"font-family: var( --e-global-typography-text-font-family ), Sans-serif; font-weight: var( --e-global-typography-text-font-weight );\">\u00e9nag<\/span><span style=\"font-family: var( --e-global-typography-text-font-family ), Sans-serif; font-weight: var( --e-global-typography-text-font-weight );\">\u00e9\u00a0<\/span><span style=\"font-family: var( --e-global-typography-text-font-family ), Sans-serif; font-weight: var( --e-global-typography-text-font-weight );\">\u00e0 Fernie en Automne 2022 apr<\/span><span style=\"font-family: var( --e-global-typography-text-font-family ), Sans-serif; font-weight: var( --e-global-typography-text-font-weight );\">\u00e8s 6 ans au Yukon.<\/span><span style=\"font-family: var( --e-global-typography-text-font-family ), Sans-serif; font-weight: var( --e-global-typography-text-font-weight );\">\u00a0Il est pompier volontaire, passionn<\/span><span style=\"font-family: var( --e-global-typography-text-font-family ), Sans-serif; font-weight: var( --e-global-typography-text-font-weight );\">\u00e9 de p<\/span><span style=\"font-family: var( --e-global-typography-text-font-family ), Sans-serif; font-weight: var( --e-global-typography-text-font-weight );\">\u00ea<\/span><span style=\"font-family: var( --e-global-typography-text-font-family ), Sans-serif; font-weight: var( --e-global-typography-text-font-weight );\">che\u00a0<\/span><span style=\"font-family: var( --e-global-typography-text-font-family ), Sans-serif; font-weight: var( --e-global-typography-text-font-weight );\">\u00e0<\/span><span style=\"font-family: var( --e-global-typography-text-font-family ), Sans-serif; font-weight: var( --e-global-typography-text-font-weight );\">\u00a0la mouche, v<\/span><span style=\"font-family: var( --e-global-typography-text-font-family ), Sans-serif; font-weight: var( --e-global-typography-text-font-weight );\">\u00e9lo de montagne, ski, chasse, randonn<\/span><span style=\"font-family: var( --e-global-typography-text-font-family ), Sans-serif; font-weight: var( --e-global-typography-text-font-weight );\">\u00e9e et\u00a0<\/span><span style=\"font-family: var( --e-global-typography-text-font-family ), Sans-serif; font-weight: var( --e-global-typography-text-font-weight );\">\u00e9checs. Il vient de Belgique et poss<\/span><span style=\"font-family: var( --e-global-typography-text-font-family ), Sans-serif; font-weight: var( --e-global-typography-text-font-weight );\">\u00e8<\/span><span style=\"font-family: var( --e-global-typography-text-font-family ), Sans-serif; font-weight: var( --e-global-typography-text-font-weight );\">de un attrait pour l&#8217;art de la table et les bonnes bi<\/span><span style=\"font-family: var( --e-global-typography-text-font-family ), Sans-serif; font-weight: var( --e-global-typography-text-font-weight );\">\u00e8<\/span><span style=\"font-family: var( --e-global-typography-text-font-family ), Sans-serif; font-weight: var( --e-global-typography-text-font-weight );\">res.<\/span><\/p><p><strong>Alice Dubief<\/strong><\/p><p><em>Conseill\u00e8re<\/em><\/p><p><b>Olivier Ouellette<\/b><\/p><p><em>Conseillier<\/em><em>\u00a0<\/em><\/p><p><!-- \/wp:paragraph --><\/p>\t\t\t\t\t\t\t\t<\/div>\n\t\t\t\t<\/div>\n\t\t\t\t\t<\/div>\n\t\t<\/div>\n\t\t\t\t\t<\/div>\n\t\t<\/section>\n\t\t\t\t<\/div>\n\t\t","protected":false},"excerpt":{"rendered":"<p>CONSEIL D &#8216;ADMINISTRATION 2023\/2024\u00a0 Heather Kerr Pr\u00e9sidente \u00a0 \u00a0 \u00a0 \u00a0 \u00a0 \u00a0 Heather est heureuse d&#8217;\u00eatre de retour \u00e0 la pr\u00e9sidence de l&#8217;AFRoS apr\u00e8s plusieurs ann\u00e9es pass\u00e9es \u00e0 la pr\u00e9sidence de l&#8217;Association des parents d&#8217;\u00e9l\u00e8ves de l&#8217;\u00c9cole Sophie-Morigeau de Fernie, et au Comit\u00e9 de &hellip; <\/p>\n","protected":false},"author":1,"featured_media":0,"parent":0,"menu_order":0,"comment_status":"closed","ping_status":"closed","template":"","meta":{"footnotes":""},"class_list":["post-333","page","type-page","status-publish","hentry","latest_post"],"_links":{"self":[{"href":"https:\/\/www.afrs.ca\/index.php\/wp-json\/wp\/v2\/pages\/333","targetHints":{"allow":["GET"]}}],"collection":[{"href":"https:\/\/www.afrs.ca\/index.php\/wp-json\/wp\/v2\/pages"}],"about":[{"href":"https:\/\/www.afrs.ca\/index.php\/wp-json\/wp\/v2\/types\/page"}],"author":[{"embeddable":true,"href":"https:\/\/www.afrs.ca\/index.php\/wp-json\/wp\/v2\/users\/1"}],"replies":[{"embeddable":true,"href":"https:\/\/www.afrs.ca\/index.php\/wp-json\/wp\/v2\/comments?post=333"}],"version-history":[{"count":40,"href":"https:\/\/www.afrs.ca\/index.php\/wp-json\/wp\/v2\/pages\/333\/revisions"}],"predecessor-version":[{"id":879,"href":"https:\/\/www.afrs.ca\/index.php\/wp-json\/wp\/v2\/pages\/333\/revisions\/879"}],"wp:attachment":[{"href":"https:\/\/www.afrs.ca\/index.php\/wp-json\/wp\/v2\/media?parent=333"}],"curies":[{"name":"wp","href":"https:\/\/api.w.org\/{rel}","templated":true}]}}

Notre équipe

<div data-elementor-type="wp-page" data-elementor-id="333" class="elementor elementor-333">
						<section class="elementor-section elementor-top-section elementor-element elementor-element-6f51c0c8 elementor-section-boxed elementor-section-height-default elementor-section-height-default" data-id="6f51c0c8" data-element_type="section">
						<div class="elementor-container elementor-column-gap-default">
					<div class="elementor-column elementor-col-100 elementor-top-column elementor-element elementor-element-33f4be9a" data-id="33f4be9a" data-element_type="column">
			<div class="elementor-widget-wrap elementor-element-populated">
						<div class="elementor-element elementor-element-14fe968d elementor-widget elementor-widget-text-editor" data-id="14fe968d" data-element_type="widget" data-widget_type="text-editor.default">
				<div class="elementor-widget-container">
									<h4 style="text-align: center;"><strong>CONSEIL D &#8216;ADMINISTRATION 2023/2024 </strong></h4><p><strong>Heather Kerr</strong></p><p><em>Présidente</em></p><h4 style="text-align: center;"><strong><img fetchpriority="high" decoding="async" class="alignleft" src="https://www.afrs.ca/wp-content/uploads/2023/08/HK-200x300.jpeg" alt="" width="200" height="300" /></strong></h4><p> </p><p> </p><p> </p><p> </p><p> </p><p> </p><p style="margin: 0cm; font-size: 12pt; font-family: Calibri, sans-serif; color: #000000; font-weight: 400;"><span lang="FR" style="color: #767171;">Heather est heureuse d&#8217;être de retour à la présidence de l&#8217;AFRoS après plusieurs années passées à la présidence de l&#8217;Association des parents d&#8217;élèves de l&#8217;École Sophie-Morigeau de Fernie, et au Comité de concertation provincial de la Fédération des francophones de la Colombie-Britannique. Heather habite Fernie depuis 2002 et dans sa vie professionnelle est physiothérapeute à son propre compte. À l&#8217;extérieur du travail et l&#8217;AFRoS, on peut retrouver Heather en montagne &#8211; en ski, vélo ou à pied.</span></p><p><strong>Anne Caroline Kroeger</strong></p><p><em>Vice-présidente</em></p><p style="margin: 0cm; margin-bottom: .0001pt; background: white;">Anne-Caroline Kroeger a récemment déménagé dans les Rocheuses depuis la vallée du Saint-Laurent, en quittant un emploi comme infirmière. Elle cherche à se faire des nouveaux amis ici. Maintenant mère de jumelles et bien établie dans la communauté de Fernie, elle prend les devant comme Présidente de l&#8217;Association en juin 2021.</p><p><strong>Isabel Craig</strong></p><p>Tr<em style="color: var( --e-global-color-text ); font-family: var( --e-global-typography-text-font-family ), Sans-serif; font-weight: var( --e-global-typography-text-font-weight );">ésori</em>è<em style="font-family: var( --e-global-typography-text-font-family ), Sans-serif; font-weight: var( --e-global-typography-text-font-weight ); color: var( --e-global-color-text );">re</em></p><p><strong>Damien Cludts</strong></p><p><em>Secrétaire</em><em> </em></p><p><img decoding="async" src="https://www.afrs.ca/wp-content/uploads/2023/08/20232141_10156678596983438_8701945624844522755_o-300x300.jpg" alt="" width="300" height="300" /></p><p>Damien a d<span style="font-family: var( --e-global-typography-text-font-family ), Sans-serif; font-weight: var( --e-global-typography-text-font-weight );">ém</span><span style="font-family: var( --e-global-typography-text-font-family ), Sans-serif; font-weight: var( --e-global-typography-text-font-weight );">énag</span><span style="font-family: var( --e-global-typography-text-font-family ), Sans-serif; font-weight: var( --e-global-typography-text-font-weight );">é </span><span style="font-family: var( --e-global-typography-text-font-family ), Sans-serif; font-weight: var( --e-global-typography-text-font-weight );">à Fernie en Automne 2022 apr</span><span style="font-family: var( --e-global-typography-text-font-family ), Sans-serif; font-weight: var( --e-global-typography-text-font-weight );">ès 6 ans au Yukon.</span><span style="font-family: var( --e-global-typography-text-font-family ), Sans-serif; font-weight: var( --e-global-typography-text-font-weight );"> Il est pompier volontaire, passionn</span><span style="font-family: var( --e-global-typography-text-font-family ), Sans-serif; font-weight: var( --e-global-typography-text-font-weight );">é de p</span><span style="font-family: var( --e-global-typography-text-font-family ), Sans-serif; font-weight: var( --e-global-typography-text-font-weight );">ê</span><span style="font-family: var( --e-global-typography-text-font-family ), Sans-serif; font-weight: var( --e-global-typography-text-font-weight );">che </span><span style="font-family: var( --e-global-typography-text-font-family ), Sans-serif; font-weight: var( --e-global-typography-text-font-weight );">à</span><span style="font-family: var( --e-global-typography-text-font-family ), Sans-serif; font-weight: var( --e-global-typography-text-font-weight );"> la mouche, v</span><span style="font-family: var( --e-global-typography-text-font-family ), Sans-serif; font-weight: var( --e-global-typography-text-font-weight );">élo de montagne, ski, chasse, randonn</span><span style="font-family: var( --e-global-typography-text-font-family ), Sans-serif; font-weight: var( --e-global-typography-text-font-weight );">ée et </span><span style="font-family: var( --e-global-typography-text-font-family ), Sans-serif; font-weight: var( --e-global-typography-text-font-weight );">échecs. Il vient de Belgique et poss</span><span style="font-family: var( --e-global-typography-text-font-family ), Sans-serif; font-weight: var( --e-global-typography-text-font-weight );">è</span><span style="font-family: var( --e-global-typography-text-font-family ), Sans-serif; font-weight: var( --e-global-typography-text-font-weight );">de un attrait pour l&#8217;art de la table et les bonnes bi</span><span style="font-family: var( --e-global-typography-text-font-family ), Sans-serif; font-weight: var( --e-global-typography-text-font-weight );">è</span><span style="font-family: var( --e-global-typography-text-font-family ), Sans-serif; font-weight: var( --e-global-typography-text-font-weight );">res.</span></p><p><strong>Alice Dubief</strong></p><p><em>Conseillère</em></p><p><b>Olivier Ouellette</b></p><p><em>Conseillier</em><em> </em></p><p><!-- /wp:paragraph --></p>								</div>
				</div>
					</div>
		</div>
					</div>
		</section>
				</div>

<p>CONSEIL D &#8216;ADMINISTRATION 2023/2024  Heather Kerr Présidente             Heather est heureuse d&#8217;être de retour à la présidence de l&#8217;AFRoS après plusieurs années passées à la présidence de l&#8217;Association des parents d&#8217;élèves de l&#8217;École Sophie-Morigeau de Fernie, et au Comité de &hellip; </p>
