{"id":2,"date":"2018-03-26T21:37:25","date_gmt":"2018-03-26T21:37:25","guid":{"rendered":"http:\/\/afros.ca\/\/?page_id=2"},"modified":"2022-02-10T22:51:48","modified_gmt":"2022-02-10T22:51:48","slug":"accueil","status":"publish","type":"page","link":"https:\/\/www.afrs.ca\/index.php\/accueil\/","title":{"rendered":"Bienvenue"},"content":{"rendered":"<div class=\"gmail_quote\">\n<div class=\"gmail_quote\">\n<div class=\"\">\n<div class=\"\">\n<div dir=\"ltr\" style=\"text-align: left;\">\n<p class=\"p1\">L&#8217;Association Francophone des Rocheuses du Sud &#8211; AFRoS &#8211;\u00a0 a pour objectifs de:<\/p>\n<ul>\n<li class=\"p1\">Promouvoir la langue et la culture fran\u00e7aise dans les Rocheuses du Sud, principalement dans la ville de Fernie et sur un territoire allant de Golden \u00e0 Elkford, en passant par Invermere, Cranbrook et Sparwood,<\/li>\n<li class=\"p1\">Regrouper et repr\u00e9senter les francophones et les francophiles en organisant et\/ou en prenant part \u00e0 des activit\u00e9s \u00e9ducatives, culturelles et sociales pour tous les groupes d\u2019\u00e2ge,<\/li>\n<li class=\"p1\">Promouvoir et soutenir l\u2019\u00e9ducation francophone en collaborant avec les \u00e9coles francophones et les programmes d\u2019immersion fran\u00e7aise,<\/li>\n<li class=\"p1\">Coop\u00e9rer et \u00e9changer avec toute autre association sans but lucratif ou autres organisations ayant des objectifs communs avec l\u2019AFRoS.<\/li>\n<\/ul>\n<\/div>\n<\/div>\n<div class=\"\">\n<div dir=\"ltr\" style=\"text-align: left;\"><\/div>\n<\/div>\n<\/div>\n<\/div>\n<p>&nbsp;<\/p>\n<div class=\"gmail_quote\">\n<div class=\"\">\n<div class=\"\">\n<div dir=\"ltr\" style=\"text-align: left;\">\n<p>\u00a0 \u00a0 <img fetchpriority=\"high\" decoding=\"async\" class=\"size-medium wp-image-746 aligncenter\" src=\"https:\/\/afros.ca\/wp-content\/uploads\/2022\/02\/AGA-et-embauche-300x251.jpg\" alt=\"\" width=\"300\" height=\"251\" srcset=\"https:\/\/www.afrs.ca\/wp-content\/uploads\/2022\/02\/AGA-et-embauche-300x251.jpg 300w, https:\/\/www.afrs.ca\/wp-content\/uploads\/2022\/02\/AGA-et-embauche-768x644.jpg 768w, https:\/\/www.afrs.ca\/wp-content\/uploads\/2022\/02\/AGA-et-embauche-72x60.jpg 72w, https:\/\/www.afrs.ca\/wp-content\/uploads\/2022\/02\/AGA-et-embauche.jpg 940w\" sizes=\"(max-width: 300px) 100vw, 300px\" \/><\/p>\n<\/div>\n<\/div>\n<\/div>\n<\/div>\n<\/div>\n","protected":false},"excerpt":{"rendered":"<p>L&#8217;Association Francophone des Rocheuses du Sud &#8211; AFRoS &#8211;\u00a0 a pour objectifs de: Promouvoir la langue et la culture fran\u00e7aise dans les Rocheuses du Sud, principalement dans la ville de Fernie et sur un territoire allant de Golden \u00e0 Elkford, en passant par Invermere, Cranbrook &hellip; <\/p>\n","protected":false},"author":1,"featured_media":0,"parent":0,"menu_order":0,"comment_status":"closed","ping_status":"closed","template":"","meta":{"footnotes":""},"class_list":["post-2","page","type-page","status-publish","hentry","latest_post"],"_links":{"self":[{"href":"https:\/\/www.afrs.ca\/index.php\/wp-json\/wp\/v2\/pages\/2","targetHints":{"allow":["GET"]}}],"collection":[{"href":"https:\/\/www.afrs.ca\/index.php\/wp-json\/wp\/v2\/pages"}],"about":[{"href":"https:\/\/www.afrs.ca\/index.php\/wp-json\/wp\/v2\/types\/page"}],"author":[{"embeddable":true,"href":"https:\/\/www.afrs.ca\/index.php\/wp-json\/wp\/v2\/users\/1"}],"replies":[{"embeddable":true,"href":"https:\/\/www.afrs.ca\/index.php\/wp-json\/wp\/v2\/comments?post=2"}],"version-history":[{"count":13,"href":"https:\/\/www.afrs.ca\/index.php\/wp-json\/wp\/v2\/pages\/2\/revisions"}],"predecessor-version":[{"id":747,"href":"https:\/\/www.afrs.ca\/index.php\/wp-json\/wp\/v2\/pages\/2\/revisions\/747"}],"wp:attachment":[{"href":"https:\/\/www.afrs.ca\/index.php\/wp-json\/wp\/v2\/media?parent=2"}],"curies":[{"name":"wp","href":"https:\/\/api.w.org\/{rel}","templated":true}]}}